ase 9.
61
Convert -282 (base 12) to base 11.
-321
-59 (base 11) to base 13
-4c
Convert 2 (base 16) to base 11.
2
-1110 (base 2) to base 15
-e
-6b (base 15) to base 8
-145
Convert -11 (base 15) to base 10.
-16
Convert 13 (base 6) to base 5.
14
Convert -1231 (base 4) to base 15.
-74
6 (base 15) to base 11
6
What is -22 (base 5) in base 6?
-20
What is -16 (base 15) in base 11?
-1a
-a5 (base 14) to base 9
-171
Convert -11 (base 2) to base 15.
-3
-21 (base 10) to base 7
-30
13 (base 11) to base 10
14
-ee (base 15) to base 12
-168
Convert -49 (base 10) to base 14.
-37
Convert -110 (base 8) to base 10.
-72
Convert 1 (base 10) to base 4.
1
0 (base 16) to base 12
0
What is -12211 (base 3) in base 5?
-1112
What is -1212 (base 4) in base 9?
-123
What is 5 (base 13) in base 4?
11
0 (base 11) to base 10
0
141 (base 10) to base 9
166
What is -25 (base 13) in base 14?
-23
0 (base 8) to base 5
0
-36 (base 9) to base 7
-45
2 (base 5) to base 12
2
7 (base 11) to base 4
13
Convert -6 (base 13) to base 14.
-6
What is 1011010 (base 2) in base 10?
90
db (base 16) to base 7
432
Convert -4 (base 15) to base 7.
-4
Convert -a (base 14) to base 2.
-1010
What is 110000 (base 2) in base 4?
300
187 (base 9) to base 12
114
What is 164 (base 8) in base 15?
7b
What is -11 (base 4) in base 7?
-5
What is -25 (base 10) in base 5?
-100
What is -3 (base 14) in base 6?
-3
What is 73 (base 15) in base 14?
7a
Convert 7 (base 14) to base 15.
7
1402 (base 5) to base 14
123
What is -10 (base 3) in base 14?
-3
What is -12 (base 10) in base 14?
-c
What is 12f (base 16) in base 3?
102020
What is 20 (base 11) in base 12?
1a
Convert -9a (base 12) to base 11.
-a8
Convert 4 (base 7) to base 10.
4
-120 (base 4) to base 2
-11000
Convert 2 (base 12) to base 3.
2
What is 0 (base 9) in base 11?
0
Convert 12 (base 5) to base 10.
7
Convert -51 (base 9) to base 5.
-141
What is 5 (base 12) in base 8?
5
What is 11 (base 8) in base 9?
10
211 (base 5) to base 9
62
What is 17 (base 15) in base 7?
31
-221 (base 4) to base 11
-38
Convert 3 (base 4) to base 10.
3
Convert -2 (base 13) to base 12.
-2
11 (base 16) to base 2
10001
Convert -11 (base 2) to base 13.
-3
-43 (base 11) to base 9
-52
Convert 49 (base 12) to base 14.
41
Convert -12 (base 8) to base 4.
-22
Convert 101 (base 2) to base 12.
5
3 (base 4) to base 13
3
-b6 (base 15) to base 5
-1141
Convert 3 (base 12) to base 6.
3
What is -10 (base 4) in base 8?
-4
-2 (base 14) to base 9
-2
-9b (base 14) to base 3
-12002
Convert 0 (base 4) to base 8.
0
1 (base 14) to base 11
1
Convert -4 (base 10) to base 9.
-4
2 (base 13) to base 3
2
5 (base 13) to base 14
5
Convert 13 (base 5) to base 9.
8
Convert 12 (base 7) to base 5.
14
1 (base 13) to base 5
1
What is -f2 (base 16) in base 7?
-464
Convert 21 (base 16) to base 11.
30
What is -2000 (base 5) in base 11?
-208
Convert 472 (base 8) to base 6.
1242
What is 3 (base 8) in base 4?
3
188 (base 11) to base 16
d9
Convert 12120 (base 3) to base 6.
410
Convert -23 (base 16) to base 3.
-1022
Convert 5 (base 15) to base 11.
5
-325 (base 7) to base 15
-b1
26 (base 15) to base 4
210
Convert 1100011 (base 2) to base 10.
99
Convert 12 (base 9) to base 12.
b
What is -32 (base 13) in base 16?
-29
What is -7 (base 9) in base 15?
-7
What is 3 (base 13) in base 12?
3
Convert 6 (base 7) to base 12.
6
Convert 0 (base 9) to base 13.
0
13 (base 5) to base 14
8
Convert -115 (base 6) to base 11.
-43
-321 (base 4) to base 14
-41
What is 0 (base 5) in base 16?
0
-103 (base 16) to base 8
-403
Convert 0 (base 7) to base 12.
0
-10 (base 5) to base 4
-11
Convert 3 (base 11) to base 8.
3
What is -202 (base 4) in base 14?
-26
8 (base 15) to base 7
11
What is 2 (base 14) in base 10?
2
Convert -106 (base 7) to base 3.
-2001
Convert -3 (base 7) to base 12.
-3
What is -504 (base 7) in base 4?
-3321
166 (base 7) to base 16
61
Convert -a (base 12) to base 6.
-14
What is -16 (base 8) in base 2?
-1110
34 (base 15) to base 10
49
-1 (base 7) to base 8
-1
What is -4 (base 6) in base 15?
-4
15 (base 6) to base 14
b
What is -116 (base 8) in base 13?
-60
What is -104 (base 6) in base 16?
-28
What is 23 (base 5) in base 14?
d
What is -3 (base 10) in base 8?
-3
Convert 1 (base 4) to base 12.
1
What is 17 (base 15) in base 8?
26
What is -a2 (base 15) in base 6?
-412
54 (base 11) to base 8
73
1010011 (base 2) to base 15
58
What is 6 (base 12) in base 13?
6
What is -2 (base 6) in base 7?
-2
Convert 4 (base 8) to base 14.
4
Convert -42 (base 9) to base 2.
-100110
What is 0 (base 11) in base 5?
0
1 (base 16) to base 11
1
Convert 3 (base 12) to base 11.
3
Convert -10 (base 5) to base 11.
-5
-10 (base 5) to base 9
-5
What is -13 (base 5) in base 14?
-8
101 (base 9) to base 6
214
Convert b8 (base 12) to base 5.
1030
-21 (base 12) to base 4
-121
Convert 31 (base 11) to base 15.
24
5 (base 16) to base 4
11
What is -2 (base 14) in base 5?
-2
-10 (base 3) to base 16
-3
18 (base 10) to base 6
30
What is -129 (base 10) in base 15?
-89
What is -36 (base 14) in base 6?
-120
Convert 2200 (base 3) to base 16.
48
-12 (base 14) to base 4
-100
What is -28 (base 12) in base 4?
-200
What is 2 (base 3) in base 5?
2
What is -2 (base 10) in base 7?
-2
What is 0 (base 10) in base 11?
0
What is 28 (base 13) in base 8?
42
65 (base 12) to base 9
85
What is -21 (base 9) in base 15?
-14
1 (base 12) to base 9
1
Convert 51 (base 10) to base 15.
36
Convert 138 (base 9) to base 2.
1110100
What is -1 (base 3) in base 7?
-1
43 (base 12) to base 5
201
-1122 (base 3) to base 5
-134
Convert -2 (base 7) to base 10.
-2
5 (base 14) to base 15
5
What is 3 (base 7) in base 3?
10
What is -1110 (base 3) in base 7?
-54
Convert 2 (base 16) to base 15.
2
Convert -213 (base 4) to base 6.
-103
What is 0 (base 5) in base 7?
0
What is -8 (base 11) in base 9?
-8
-2 (base 16) to base 8
-2
-17 (base 9) to base 15
-11
Convert -4 (base 12) to base 14.
-4
Convert -c (base 15) to base 13.
-c
Convert -27 (base 10) to base 6.
-43
7 (base 9) to base 16
7
-1101110 (base 2) to base 16
-6e
Convert 110101 (base 2) to base 14.
3b
Convert -2 (base 8) to base 16.
-2
Convert 2 (base 16) to base 10.
2
9b (base 14) to base 13
a7
111 (base 3) to base 12
11
Convert 25 (base 10) to base 6.
41
What is -14 (base 15) in base 9?
-21
What is 302 (base 8) in base 16?
c2
Convert 7 (base 8) to base 15.
7
1110 (base 2) to base 16
e
What is b (base 15) in base 6?
15
What is 30 (base 10) in base 13?
24
-27 (base 8) to base 6
-35
What is 3 (base 8) in base 9?
3
Convert 2 (base 13) to base 6.
2
38 (base 12) to base 7
62
-bb (base 13) to base 6
-414
1111010 (base 2) to base 7
233
13 (base 6) to base 15
9
66 (base 9) to base 8
74
-35 (base 6) to base 13
-1a
Convert -8 (base 13) to base 15.
-8
Convert -115 (base 6) to base 14.
-35
32 (base 16) to base 3
1212
What is -12 (base 16) in base 5?
-33
123 (base 4) to base 8
33
Convert -a (base 14) to base 16.
-a
What is 10001110 (base 2) in base 10?
142
What is 1b (base 13) in base 9?
26
Convert 9 (base 14) to base 4.
21
Convert -4 (base 13) to base 3.
-11
-6 (base 11) to base 7
-6
What is 1a (base 12) in base 6?
34
What is 1 (base 13) in base 7?
1
-14 (base 8) to base 13
-c
What is 1 (base 3) in base 6?
1
What is 10 (base 16) in base 14?
12
Convert -11 (base 14) to base 8.
-17
What is -56 (base 7) in base 6?
-105
What is -2 (base 3) in base 15?
-2
Convert -1011010 (base 2) to base 6.
-230
Convert -1a (base 13) to base 4.
-113
Convert -1011 (base 2) to base 7.
-14
-8 (base 13) to base 16
-8
Convert -3 (base 12) to base 4.
-3
What is -4 (base 11) in base 6?
-4
Convert -100 (base 3) to base 14.
-9
0 (base 12) to base 4
0
Convert 10 (base 11) to base 2.
1011
What is 3 (base 15) in base 8?
3
What is -8 (base 16) in base 14?
-8
What is 2 (base 9) in base 13?
2
Convert -45 (base 15) to base 13.
-50
Convert -14 (base 9) to base 10.
-13
Convert -102 (base 7) to base 14.
-39
111101 (base 2) to base 6
141
Convert -1 (base 9) to base 16.
-1
Convert -10 (base 5) to base 3.
-12
Convert -134 (base 5) to base 16.
-2c
-2 (base 4) to base 9
-2
What is 1 (base 9) in base 11?
1
What is -d7 (base 16) in base 12?
-15b
Convert -41 (base 16) to base 6.
-145
-2 (base 6) to base 2
-10
-10 (base 11) to base 13
-b
Convert -a (base 16) to base 9.
-11
2123 (base 4) to base 6
415
131 (base 4) to base 5
104
Convert a (base 13) to base